{"id":36,"date":"2013-08-18T16:25:52","date_gmt":"2013-08-18T15:25:52","guid":{"rendered":"http:\/\/tempetedelouest.fr\/blog\/?page_id=36"},"modified":"2015-04-24T14:07:56","modified_gmt":"2015-04-24T13:07:56","slug":"mentions-legales","status":"publish","type":"page","link":"https:\/\/www.tempetedelouest.fr\/blog\/mentions-legales\/","title":{"rendered":"Mentions l\u00e9gales"},"content":{"rendered":"<p style=\"text-align: justify;\">Le Blog Tempetedelouest.fr\/blog est \u00e9dit\u00e9 par la soci\u00e9t\u00e9 SARL Web \u00e0 l&rsquo;Ouest, soci\u00e9t\u00e9 fran\u00e7aise et bretonne au capital de 8 500\u20ac.<\/p>\n<p style=\"text-align: justify;\">Si\u00e8ge social :<br \/>\n12, lotissement communal<br \/>\n22390 Pont Melvez<br \/>\nDirectrice de la publication : Elsa Thermed (elsa[at]tempetedelouest[point]fr)<\/p>\n<p>&nbsp;<\/p>\n<h2 style=\"text-align: justify;\"><strong>H\u00e9bergement\u00a0<\/strong><\/h2>\n<p style=\"text-align: justify;\">Tempetedelouest.fr\/blog\/est h\u00e9berg\u00e9 fi\u00e8rement par la soci\u00e9t\u00e9 PlanetHoster :<\/p>\n<p style=\"text-align: justify;\">150 Pierre Mercure<br \/>\nMontreal, Quebec<br \/>\nH1A 5A9<br \/>\nCanada<\/p>\n<p style=\"text-align: justify;\">www.planethoster.net<\/p>\n<p>&nbsp;<\/p>\n<h2 style=\"text-align: justify;\"><strong>Donn\u00e9es personnelles des utilisateurs<\/strong><\/h2>\n<p style=\"text-align: justify;\">Si vous d\u00e9posez un commentaire sur notre site, vous devez fournir votre pr\u00e9nom ou pseudonyme accompagn\u00e9 d&rsquo;une adresse e-mail (obligatoire) puis une adresse IP qui sera automatiquement d\u00e9tect\u00e9e : ces \u00e9l\u00e9ments seront stock\u00e9s dans notre base de donn\u00e9es. Cependant, l&rsquo;adresse e-mail ne sera en aucun affich\u00e9e sur le site ni transmise \u00e0 un organisme tiers.<\/p>\n<p style=\"text-align: justify;\">De plus, conform\u00e9ment \u00e0 l\u2019article 39 de la loi\u00a0de l\u2019informatique et libert\u00e9s\u00a0du 6 janvier 1978, vous avez un droit d\u2019acc\u00e8s, de modification et d\u2019opposition sur vos donn\u00e9es personnelles enregistr\u00e9es sur notre site.<\/p>\n<p>&nbsp;<\/p>\n<h2 style=\"text-align: justify;\"><strong>Conditions de mod\u00e9ration des commentaires<\/strong><\/h2>\n<p style=\"text-align: justify;\">Tout commentaire est soumis \u00e0 mod\u00e9ration : si il comporte des \u00e9l\u00e9ments \u00e0 caract\u00e8re injurieux, diffamatoire, x\u00e9nophobe, raciste, antis\u00e9mite, pornographique, r\u00e9visionniste, homophobe, sexiste, d\u2019incitation \u00e0 la haine, \u00e0 la violence ou en g\u00e9n\u00e9ral tout sujet contraire \u00e0 la loi et aux valeurs de ce site, ils sera supprim\u00e9 sans pr\u00e9avis.<\/p>\n<p>&nbsp;<\/p>\n<h2 style=\"text-align: justify;\"><strong>Droits de reproduction<\/strong><\/h2>\n<p style=\"text-align: justify;\">Tous les \u00e9l\u00e9ments figurant sur le site tempetedelouest.fr\/blog\/blog\u00a0sont prot\u00e9g\u00e9s par les dispositions du Code de la Propri\u00e9t\u00e9 Intellectuelle. Ainsi, toute reproduction de ces \u00e9l\u00e9ments, totale ou partielle, est strictement interdite. Les textes, logos et images sont enti\u00e8rement soumis \u00e0 des droits d\u2019auteurs et ne peuvent en aucun \u00eatre utilis\u00e9s sans accord pr\u00e9alable, sous peine de poursuites judiciaires et rappel \u00e0 l\u2019ordre.<\/p>\n<p>&nbsp;<\/p>\n<h2 style=\"text-align: justify;\"><strong>Cr\u00e9dits<\/strong><\/h2>\n<p style=\"text-align: justify;\">Ce site est propuls\u00e9 par la plateforme de blog WordPress et utilise le th\u00e8me Virtue.<\/p>\n<p style=\"text-align: justify;\">Les photos illustrant ce site sont soit des cr\u00e9ations personnelles soit des images issues de banques d&rsquo;images sous licence Creative Commons (flickr.com, sxc.hu) ou payantes (123rf et fotolia.com):<\/p>\n<ul>\n<li>\u00a9 FOOD-micro &#8211; Fotolia.com<\/li>\n<li>\u00a9 FOOD-pictures &#8211; Fotolia.com<\/li>\n<li>\u00a9 SYLVIE.PERUZZI &#8211; Fotolia.com<\/li>\n<li>\u00a9 Catherine CLAVERY &#8211; Fotolia.com<\/li>\n<li>\u00a9 Pics money &#8211; Fotolia.com<\/li>\n<li>\u00a9 Margouillat &#8211; Can Stock Photo Inc.<\/li>\n<li>\u00a9 J\u00e9r\u00f4me Romm\u00e9 &#8211; Fotolia.com<\/li>\n<li>\u00a9 joanna wnuk &#8211; Fotolia.com<\/li>\n<li>\u00a9 L.Bouvier &#8211; Fotolia.com<\/li>\n<\/ul>\n","protected":false},"excerpt":{"rendered":"<p>Le Blog Tempetedelouest.fr\/blog est \u00e9dit\u00e9 par la soci\u00e9t\u00e9 SARL Web \u00e0 l&rsquo;Ouest, soci\u00e9t\u00e9 fran\u00e7aise et bretonne au capital de 8 500\u20ac. Si\u00e8ge social : 12, lotissement communal 22390 Pont Melvez Directrice de la publication : Elsa Thermed (elsa[at]tempetedelouest[point]fr) &nbsp; H\u00e9bergement\u00a0 Tempetedelouest.fr\/blog\/est h\u00e9berg\u00e9 fi\u00e8rement par la soci\u00e9t\u00e9 PlanetHoster : 150 Pierre Mercure Montreal, Quebec H1A 5A9 [&#8230;]\n","protected":false},"author":1,"featured_media":0,"parent":0,"menu_order":0,"comment_status":"closed","ping_status":"closed","template":"","meta":{"footnotes":""},"class_list":["post-36","page","type-page","status-publish","hentry"],"yoast_head":"<!-- This site is optimized with the Yoast SEO plugin v27.1.1 - https:\/\/yoast.com\/product\/yoast-seo-wordpress\/ -->\n<title>Mentions l\u00e9gales - Temp\u00eate de l&#039;Ouest<\/title>\n<meta name=\"description\" content=\"Si vous aimez lire les mentions l\u00e9gales des entreprises... Temp\u00eate de l&#039;Ouest respecte la loi et dispose d&#039;une page pour les pr\u00e9senter. Amusez-vous bien !\" \/>\n<meta name=\"robots\" content=\"noindex, nofollow\" \/>\n<meta property=\"og:locale\" content=\"fr_FR\" \/>\n<meta property=\"og:type\" content=\"article\" \/>\n<meta property=\"og:title\" content=\"Mentions l\u00e9gales - Temp\u00eate de l&#039;Ouest\" \/>\n<meta property=\"og:description\" content=\"Si vous aimez lire les mentions l\u00e9gales des entreprises... Temp\u00eate de l&#039;Ouest respecte la loi et dispose d&#039;une page pour les pr\u00e9senter. Amusez-vous bien !\" \/>\n<meta property=\"og:url\" content=\"https:\/\/www.tempetedelouest.fr\/blog\/mentions-legales\/\" \/>\n<meta property=\"og:site_name\" content=\"Le blog de Temp\u00eate de l&#039;Ouest !\" \/>\n<meta property=\"article:publisher\" content=\"https:\/\/www.facebook.com\/TempetedeLouest\" \/>\n<meta property=\"article:modified_time\" content=\"2015-04-24T13:07:56+00:00\" \/>\n<meta name=\"twitter:card\" content=\"summary_large_image\" \/>\n<meta name=\"twitter:site\" content=\"@tempetedelouest\" \/>\n<meta name=\"twitter:label1\" content=\"Dur\u00e9e de lecture estim\u00e9e\" \/>\n\t<meta name=\"twitter:data1\" content=\"2 minutes\" \/>\n<script type=\"application\/ld+json\" class=\"yoast-schema-graph\">{\"@context\":\"https:\/\/schema.org\",\"@graph\":[{\"@type\":\"WebPage\",\"@id\":\"https:\/\/www.tempetedelouest.fr\/blog\/mentions-legales\/\",\"url\":\"https:\/\/www.tempetedelouest.fr\/blog\/mentions-legales\/\",\"name\":\"Mentions l\u00e9gales - Temp\u00eate de l'Ouest\",\"isPartOf\":{\"@id\":\"https:\/\/www.tempetedelouest.fr\/blog\/#website\"},\"datePublished\":\"2013-08-18T15:25:52+00:00\",\"dateModified\":\"2015-04-24T13:07:56+00:00\",\"description\":\"Si vous aimez lire les mentions l\u00e9gales des entreprises... Temp\u00eate de l'Ouest respecte la loi et dispose d'une page pour les pr\u00e9senter. Amusez-vous bien !\",\"breadcrumb\":{\"@id\":\"https:\/\/www.tempetedelouest.fr\/blog\/mentions-legales\/#breadcrumb\"},\"inLanguage\":\"fr-FR\",\"potentialAction\":[{\"@type\":\"ReadAction\",\"target\":[\"https:\/\/www.tempetedelouest.fr\/blog\/mentions-legales\/\"]}]},{\"@type\":\"BreadcrumbList\",\"@id\":\"https:\/\/www.tempetedelouest.fr\/blog\/mentions-legales\/#breadcrumb\",\"itemListElement\":[{\"@type\":\"ListItem\",\"position\":1,\"name\":\"Accueil\",\"item\":\"https:\/\/www.tempetedelouest.fr\/blog\/\"},{\"@type\":\"ListItem\",\"position\":2,\"name\":\"Mentions l\u00e9gales\"}]},{\"@type\":\"WebSite\",\"@id\":\"https:\/\/www.tempetedelouest.fr\/blog\/#website\",\"url\":\"https:\/\/www.tempetedelouest.fr\/blog\/\",\"name\":\"Le blog de Temp\u00eate de l'Ouest !\",\"description\":\"Un raz de mar\u00e9e d&#039;infos sur la gastronomie bretonne\",\"potentialAction\":[{\"@type\":\"SearchAction\",\"target\":{\"@type\":\"EntryPoint\",\"urlTemplate\":\"https:\/\/www.tempetedelouest.fr\/blog\/?s={search_term_string}\"},\"query-input\":{\"@type\":\"PropertyValueSpecification\",\"valueRequired\":true,\"valueName\":\"search_term_string\"}}],\"inLanguage\":\"fr-FR\"}]}<\/script>\n<!-- \/ Yoast SEO plugin. -->","yoast_head_json":{"title":"Mentions l\u00e9gales - Temp\u00eate de l'Ouest","description":"Si vous aimez lire les mentions l\u00e9gales des entreprises... Temp\u00eate de l'Ouest respecte la loi et dispose d'une page pour les pr\u00e9senter. Amusez-vous bien !","robots":{"index":"noindex","follow":"nofollow"},"og_locale":"fr_FR","og_type":"article","og_title":"Mentions l\u00e9gales - Temp\u00eate de l'Ouest","og_description":"Si vous aimez lire les mentions l\u00e9gales des entreprises... Temp\u00eate de l'Ouest respecte la loi et dispose d'une page pour les pr\u00e9senter. Amusez-vous bien !","og_url":"https:\/\/www.tempetedelouest.fr\/blog\/mentions-legales\/","og_site_name":"Le blog de Temp\u00eate de l&#039;Ouest !","article_publisher":"https:\/\/www.facebook.com\/TempetedeLouest","article_modified_time":"2015-04-24T13:07:56+00:00","twitter_card":"summary_large_image","twitter_site":"@tempetedelouest","twitter_misc":{"Dur\u00e9e de lecture estim\u00e9e":"2 minutes"},"schema":{"@context":"https:\/\/schema.org","@graph":[{"@type":"WebPage","@id":"https:\/\/www.tempetedelouest.fr\/blog\/mentions-legales\/","url":"https:\/\/www.tempetedelouest.fr\/blog\/mentions-legales\/","name":"Mentions l\u00e9gales - Temp\u00eate de l'Ouest","isPartOf":{"@id":"https:\/\/www.tempetedelouest.fr\/blog\/#website"},"datePublished":"2013-08-18T15:25:52+00:00","dateModified":"2015-04-24T13:07:56+00:00","description":"Si vous aimez lire les mentions l\u00e9gales des entreprises... Temp\u00eate de l'Ouest respecte la loi et dispose d'une page pour les pr\u00e9senter. Amusez-vous bien !","breadcrumb":{"@id":"https:\/\/www.tempetedelouest.fr\/blog\/mentions-legales\/#breadcrumb"},"inLanguage":"fr-FR","potentialAction":[{"@type":"ReadAction","target":["https:\/\/www.tempetedelouest.fr\/blog\/mentions-legales\/"]}]},{"@type":"BreadcrumbList","@id":"https:\/\/www.tempetedelouest.fr\/blog\/mentions-legales\/#breadcrumb","itemListElement":[{"@type":"ListItem","position":1,"name":"Accueil","item":"https:\/\/www.tempetedelouest.fr\/blog\/"},{"@type":"ListItem","position":2,"name":"Mentions l\u00e9gales"}]},{"@type":"WebSite","@id":"https:\/\/www.tempetedelouest.fr\/blog\/#website","url":"https:\/\/www.tempetedelouest.fr\/blog\/","name":"Le blog de Temp\u00eate de l'Ouest !","description":"Un raz de mar\u00e9e d&#039;infos sur la gastronomie bretonne","potentialAction":[{"@type":"SearchAction","target":{"@type":"EntryPoint","urlTemplate":"https:\/\/www.tempetedelouest.fr\/blog\/?s={search_term_string}"},"query-input":{"@type":"PropertyValueSpecification","valueRequired":true,"valueName":"search_term_string"}}],"inLanguage":"fr-FR"}]}},"_links":{"self":[{"href":"https:\/\/www.tempetedelouest.fr\/blog\/wp-json\/wp\/v2\/pages\/36","targetHints":{"allow":["GET"]}}],"collection":[{"href":"https:\/\/www.tempetedelouest.fr\/blog\/wp-json\/wp\/v2\/pages"}],"about":[{"href":"https:\/\/www.tempetedelouest.fr\/blog\/wp-json\/wp\/v2\/types\/page"}],"author":[{"embeddable":true,"href":"https:\/\/www.tempetedelouest.fr\/blog\/wp-json\/wp\/v2\/users\/1"}],"replies":[{"embeddable":true,"href":"https:\/\/www.tempetedelouest.fr\/blog\/wp-json\/wp\/v2\/comments?post=36"}],"version-history":[{"count":0,"href":"https:\/\/www.tempetedelouest.fr\/blog\/wp-json\/wp\/v2\/pages\/36\/revisions"}],"wp:attachment":[{"href":"https:\/\/www.tempetedelouest.fr\/blog\/wp-json\/wp\/v2\/media?parent=36"}],"curies":[{"name":"wp","href":"https:\/\/api.w.org\/{rel}","templated":true}]}}